(h) = h**2 - 5*h + 1. Let d be u(5). Let p = d - 3. Let g(s) = s**2 - 7*s + 8. Let z(l) = -l**2 + 9*l - 9. Let b(k) = -6*g(k) - 5*z(k). Determine b(p).
-1
Let h(v) = -v**2 - 2*v - 8. Let i(f) = -1. Let r(z) = -6. Let a(q) = -5*i(q) + r(q). Let k(w) = -3*a(w) + h(w). What is k(-5)?
-20
Let l(x) = x**3 - 16*x**2 + 15*x + 3. Let u be l(15). Let z = u + -1. Let f(h) = -4 + 3*h**z - 7*h**2 - 5*h + 3*h**2 + 0*h**2. Determine f(-5).
-4
Let n(z) = 17*z - 1. Let a(t) = -11*t + 26. Let q be a(10). Let m = -83 - q. Calculate n(m).
16
Let j(u) = u**3 - 8*u**2 - 7*u - 13. Let a be j(9). Suppose 0 = -3*w - 3*k + 4*k - 25, 2*w + 11 = -a*k. Let o(g) = g**2 + 8*g + 2. Determine o(w).
2
Let m(t) be the second derivative of 1/3*t**3 + 29*t + 2*t**2 + 0. Calculate m(6).
16
Suppose -2*j = j + 57. Let o = j + 15. Let l(n) be the second derivative of -n**3/3 - 5*n**2/2 + n. Calculate l(o).
3
Let j(d) be the first derivative of d**2 - 19 - 1/4*d**4 - 3*d - d**3. Determine j(-3).
-9
Let z(i) be the third derivative of -i**5/60 + 11*i**4/24 - i**3 + 427*i**2. Calculate z(8).
18
Let n(g) = 3*g**2 - g**3 - g - 16 + 10*g - 8*g + 7. Determine n(3).
-6
Let o be -5*8/(-100)*5. Suppose -1 - 6 = -5*l - 3*i, 0 = -o*l + i - 6. Let r(v) = 2*v**2 - 6*v**2 - 5*v**2. Give r(l).
-9
Suppose -4*d + 24*z + 14 = 26*z, -2*d - 5*z - 5 = 0. Let f(u) be the second derivative of -13/2*u**2 - 8*u + 1/20*u**d + 1/6*u**3 + 0 + 1/12*u**4. What is f(0)?
-13
Let v(n) = n**2 + 4*n - 1. Let k be v(-5). Let l(y) = -1 - 4*y**3 + k - 4*y**2 + 5*y**3 - 2*y. Let m be (3*-1)/((-9)/12). Calculate l(m).
-5
Suppose -7*h = -12*h + 10. Let n(k) = -6 - k**h - 2*k + 3 + 4 - 2*k**2. What is n(1)?
-4
Let f = 1772 - 1781. Let n(r) = r**2 + 8*r - 13. What is n(f)?
-4
Let d(b) = b**3 - 8*b + 3 - 3*b + 3*b - 3 - 2 - 6*b**2. Give d(7).
-9
Let m(k) be the first derivative of -k**3/3 - 7*k**2/2 - 5*k + 243. Suppose 0 = 2*a + 2*h + 12, -2*h = 5*a + h + 26. Calculate m(a).
7
Let o(l) = -l**3 - 4*l**2 + 6*l + 1. Let t be (-5)/15 - 16/6. Let p be (3 - 0) + 3 - 4. Let z = t - p. Calculate o(z).
-4
Suppose -11*y - 27*y = 152. Let n(t) = -5 + t - 2*t - 2*t + t**3 + 4*t**2. Calculate n(y).
7
Let i(c) = c - 7. Suppose 2*v + 6 = 3*v. Let m(g) = -v + 2*g + 34 - 6*g. Let b(s) = 9*i(s) + 2*m(s). Give b(6).
-1
Let j be ((-9)/4)/((-3)/4). Let k = j + -8. Let t(p) = 2*p + 7. What is t(k)?
-3
Let f(r) = -r**3 - 3*r**2 + 7*r + 5. Let m(l) = -2*l**2 + 3*l - 2. Let i be m(1). Let k be i/((-3)/8)*(-39)/26. Calculate f(k).
-7
Let l(z) be the third derivative of -z**6/120 - z**5/10 - z**4/8 - 2*z**3/3 - 2*z**2 + 9*z. Calculate l(-5).
-14
Let h(s) = -s**2 + 9*s - 7. Let c be h(7). Suppose -v - 4 = -j - 5, 5*v + c = -j. Let n be v*(-8)/(-4) + -1. Let t(q) = q - 1. What is t(n)?
-4
Let g(m) be the third derivative of -m**5/60 - m**4/6 + 7*m**3/6 - m**2. Let p be g(-5). Let s(b) = p*b + 10 + 3 - 10 - 6*b. Calculate s(4).
-13
Let i(v) = -4*v + 5. Let s(g) = 4*g - 31. Let y be s(9). Determine i(y).
-15
Let r(a) be the third derivative of a**5/60 + 7*a**4/24 - 2*a**3/3 - 4*a**2 + 2. Calculate r(-6).
-10
Let a(i) be the second derivative of i**4/12 + 7*i**3/6 - i**2/2 - 15*i - 1. Let v = 9 - 16. Give a(v).
-1
Let d be (4/5)/((-14)/(-70)). Let q(n) be the third derivative of 1/8*n**d - 7*n**2 + 1/2*n**3 + 0*n + 0. What is q(-2)?
-3
Let x(q) be the second derivative of -5*q**3/6 - 3*q**2/2 + 40*q + 2. Suppose 2*p + 21 = -p - 5*u, -u - 5 = p. Determine x(p).
7
Let i(w) = 3*w - 16 - w + 0*w + 2. Give i(10).
6
Let a(i) = -i**2 + 1. Let g(d) = 4*d**2 - 12*d + 1. Let q(n) = -5*a(n) - g(n). Determine q(-9).
-33
Let o(f) be the first derivative of 3*f**2 + 6*f - 123. Determine o(-4).
-18
Let b(n) be the second derivative of n**4/12 + 7*n**3/2 + 7*n**2/2 - 3*n + 106. What is b(-20)?
-13
Let a(n) = -n**3 + 9*n**2 - 7*n + 4. Let g(m) be the first derivative of -m**3/3 + m**2/2 - m + 4. Let y(j) = -a(j) - 6*g(j). Give y(3).
5
Let q(s) = 2*s**3 + 8*s**2 - 9. Let b(n) = -n**3 + n + 1. Let c(x) = b(x) + q(x). What is c(-7)?
34
Let f(m) = m + 10. Let u be f(-7). Suppose u*v + 36 = 12*v. Let j(c) = -c**2 - c + 4. Determine j(v).
-16
Suppose -5*b = -b. Let f(y) be the third derivative of -y**5/60 - y**3/3 - 9*y**2. What is f(b)?
-2
Let f(g) = -g**2 + 4*g - 4. Let u(y) = y**3 + 6*y**2 + 4*y - 1. Let d be u(-5). Let t = d + 0. Determine f(t).
-4
Let l = -51 + 22. Suppose -522 = 20*j + 58. Let x = j - l. Let h(k) = -k**3 + k**2 - k + 7. Determine h(x).
7
Let d = -27 + 112. Let y(m) = 2*m**2 - d + 2*m + 161 - 75 + 3*m**3. What is y(-1)?
-2
Let x(s) = 7*s**2 + 44*s - 5. Let f(p) = 4*p**2 + 23*p - 2. Let h(t) = -11*f(t) + 6*x(t). Give h(7).
-29
Let g(p) = 3*p. Let w(c) = 9*c + 10. Let l(k) = -4*g(k) + w(k). Give l(2).
4
Let m be 24/(18/(-4) - -3). Let l(x) = -2*x**2 - 32*x + 1. What is l(m)?
1
Let y(k) = -2*k**2 + 5*k - 2*k**2 + 2*k**3 - 1 + 4*k**3 - 2*k - 7*k**3. Let p be (-4 - 0)*(-2 + 1). Suppose 5*v = 4*j + 1, p*v - 3 = 3*j + v. What is y(j)?
-13
Let f(z) = 5*z - 8. Let n(b) = -4*b + 6. Let l(q) = 4*f(q) + 6*n(q). Determine l(6).
-20
Suppose -2*s - 108 = s. Let z be -6*8/s*3. Let o(m) = 2*m + m - z*m - 7. Calculate o(-6).
-1
Let l(h) be the third derivative of -h**5/60 - 7*h**4/24 + h**3/3 + 511*h**2. Let a = -13 - -7. Calculate l(a).
8
Let b(q) = q**3 - 5*q**2 + 4*q - 17. Let l be b(5). Suppose l*g + w = -w - 28, 4*g - 1 = 5*w. Let k(p) = -2*p - 4. What is k(g)?
8
Suppose 42*f = 59*f + 221. Let h(x) = x**2 + 11*x - 19. Determine h(f).
7
Let o = 111/412 + -2/103. Let b(d) be the first derivative of 6 - 7/2*d**2 - 8*d + 5/3*d**3 + o*d**4. Calculate b(-6).
-2
Let d(b) = -b - 1. Suppose 0 = -8*g + 3*g + 10. Suppose g - 4 = -v, u - 36 = -2*v. Let l be (-1)/3 + u/6. Give d(l).
-6
Let o(z) = -15*z + 16. Let s(n) = 11*n - 15. Let j(v) = -2*o(v) - 3*s(v). Determine j(9).
-14
Let f(x) be the first derivative of x**4/4 - 11*x**3/3 - x**2/2 - 81. Determine f(11).
-11
Let t = 45 + -42. Let a(f) be the first derivative of -9*f - 1/4*f**4 - 4*f**2 - 3 - 7/3*f**t. What is a(-6)?
3
Let b(j) = 4*j + 1. Let l(s) = 95*s + 20. Let o(k) = -25*b(k) + l(k). Give o(7).
-40
Let s(z) = 5*z**3 + 7*z**2 - 11*z - 4. Suppose -2*t - 12 = -4*t. Let p(v) = v**3 - v. Let j(q) = t*p(q) - s(q). Calculate j(6).
-2
Let m(s) be the third derivative of s**6/120 + s**5/12 - s**3/6 - 29*s**2. Let n be (25/(-10))/((-3)/(-6)). Calculate m(n).
-1
Let n(j) = 3 + 1966*j - 1969*j - 10. What is n(-3)?
2
Suppose 5*a + 2 = n - 8, -4*n = 3*a - 63. Suppose -n = -3*m + 2*t, -t = 3*m - 4*t - 18. Let c be -3 - (-3 + m) - 2. Let u(l) = -l**2 - 7*l - 6. What is u(c)?
4
Let y(z) = -z**3 - 7*z**2 + 9*z + 3. Let r be (5 + -9)/((-1)/4). Suppose -11*g + 9*g = r. Determine y(g).
-5
Let d(v) = -10*v**3 - 2*v**2 + 1. Suppose 16*h = -h - 17. Determine d(h).
9
Let z(c) = -2*c + 3. Let n(m) = 3*m - 4. Let j(q) = -q + 10. Let u be j(13). Let t(o) = u*n(o) - 4*z(o). Determine t(-7).
7
Let b(w) = 85 + 2*w - 85. Let o(j) = j**3 - 3*j**2 + 5*j - 9. Let q be o(3). What is b(q)?
12
Let f(y) be the third derivative of y**9/60480 - y**8/5040 + y**7/2520 + y**6/240 + 2*y**5/5 - 18*y**2. Let o(a) be the third derivative of f(a). Give o(3).
0
Suppose -u = -44*p + 45*p, -2*p + u + 9 = 0. Suppose 0 = -2*g + 3 + 3. Let o(y) = y - g - 3 + 5. Calculate o(p).
2
Let n(v) = -13*v**2 - 19*v - 46. Let d(a) = -11*a**2 - 18*a - 44. Let t(x) = 6*d(x) - 5*n(x). What is t(-3)?
-4
Let i(h) = -5*h**2 + 22*h - 3. Let d(r) = -3*r**2 + 15*r - 2. Let k(q) = -8*d(q) + 5*i(q). Calculate k(-8).
17
Let h(b) = -b + 16. Let t be (0 - -2) + 4 - 3. Let o be 5*t + 0 + 3. Let y be h(o). Let g(k) = -k - 3. What is g(y)?
-1
Let s(i) be the first derivative of -i**3/3 - 6*i**2 - 24*i + 267. Determine s(-11).
-13
Let m be ((-6 + 3)/(-45))/((-22)/(-55)). Let y(z) be the third derivative of -m*z**3 + 0 + z**2 - 1/12*z**4 + 0*z. Determine y(-1).
1
Let i(u) = -u**2 - 2*u + 6. Let x(f) = f**2 - 4*f - 35. Let h(n) = -2*i(n) - x(n). Determine h(-7).
16
Let y(w) be the first derivative of -w**4/4 + 2*w**3/3 + 3*w**2/2 - 2. Let t be y(3). Let z(x) = 3*x + x**3 - 4*x + 4 - 6 + 0*x**3. Calculate z(t).
-2
Suppose 103 = 6*r - 125. Suppose 5*l = 4*h + r, 4*l - 2*h = 2*l + 16. Let m(k) = k**2 - 3*k - 8. Determine m(l).
10
Let g(d) = 3*d - 50. Let k(f) = -f + 17. Let w(t) = -6*g(t) - 17*k(t). Let 